704)/(-10) + 45/j is divided by t.
11
Suppose -18*o + 4*r + 14 = -16*o, -2*o + 3*r + 16 = 0. Let w be ((-4)/6)/((-4)/6). Calculate the remainder when o is divided by 1/(w/4) + 1.
1
Let k(y) = -y**3 + 11*y**2 + 13*y - 14. Let q be k(12). What is the remainder when q*((-2)/(-1) - 25) is divided by 12?
10
Let h(k) = k**2 + 4*k + 2. Let z be h(-4). Let x = 92 - 83. Suppose -3 - x = -z*b. What is the remainder when 27 is divided by b?
3
Let b be ((9/(-6))/(-3))/(2/(-20)). Calculate the remainder when 40 is divided by (-35)/b - (-3)/(-3).
4
Let w be 36/(-10)*40/(-12). Suppose 0 = -5*x + w + 18. Suppose -x*h + 2*h = -72. Calculate the remainder when 32 is divided by h.
14
Suppose -2*b + 87 = 45. What is the remainder when 230 is divided by b?
20
Let m = -729 - -810. Calculate the remainder when m is divided by 58.
23
Let v = 248 - 149. Calculate the remainder when v is divided by 40.
19
Suppose -2*m + 4*u + 244 = 0, 4*u = -m - 4*m + 652. Suppose 14*d - 67 = 297. Calculate the remainder when m is divided by d.
24
Suppose -21*j + 450 = -12*j. What is the remainder when 59 is divided by j?
9
Let b(k) = k**3 - 23*k**2 - 19*k - 35. Let x be b(24). What is the remainder when 39 is divided by (144/10)/1 - 34/x?
11
Suppose -o + 5*f = -36, 2*o - 33 = 4*f + 45. What is the remainder when 203 is divided by o?
39
Let y = 11 + -15. Let k(v) = -v**3 - 5*v**2 - 5*v + 3. Calculate the remainder when 19 is divided by k(y).
5
Let g = -27 + 77. Let t = 2 - -7. Calculate the remainder when g is divided by t.
5
Suppose 541 = -14*d - 775. Let p = -58 - d. Calculate the remainder when p is divided by 15.
6
Suppose 0 = 5*c + 2*c - 63. Suppose -r + c = -32. What is the remainder when 80 is divided by r?
39
Suppose -3*k - 75 = -4*i, -5*i + i + 69 = 3*k. Let l(d) = -22*d + 4. Calculate the remainder when l(-3) is divided by i.
16
Let t(z) = -z**3 - 2*z**2 + 11*z + 21. What is the remainder when 448 is divided by t(-4)?
7
Let c be 316/6 + (0 - 2/3). Suppose -5 = z, 5*z = 5*r - 12 - 38. Calculate the remainder when -5*c/(-10) - (-1 - 0) is divided by r.
2
Calculate the remainder when ((-38)/4)/(7/(-140)*5) is divided by -5*(-2 + 3)*-2.
8
Suppose 22*i - 7931 + 2453 = 0. What is the remainder when i is divided by 9?
6
Let a(l) = 3*l + 2. Let y be a(0). Suppose -1 - 16 = y*h - 5*u, -15 = -3*u. What is the remainder when 23 is divided by h?
3
Let j(d) = -d**3 - 5*d**2 - 2*d + 5. Suppose 0 = -5*h + 3 - 28. Calculate the remainder when j(h) is divided by (-252)/(-56) - ((-2)/(-4) - 0).
3
Let j(v) = -v**2 + 8*v - 3. Suppose -g = 24*g - 1500. What is the remainder when g is divided by j(4)?
8
What is the remainder when 725 is divided by (9/((-54)/16))/((-2)/42)?
53
Let k(q) = q**3 - 5*q**2 - 6*q + 5. Let i be k(6). Suppose 7*f = i*f + 8. Suppose -f = 2*p - 42. Calculate the remainder when 74 is divided by p.
17
Let x(z) = 2*z + 8*z + 7 - z**2 + 5 - z. Let p = 60 + -59. Calculate the remainder when x(10) is divided by p.
0
Suppose 5*j + 9 = d, -5*d + j - 2*j + 19 = 0. What is the remainder when (-2)/(-4)*910/35 is divided by d?
1
Let j(o) = -o**3 - 2*o**2 - 7*o - 12. Calculate the remainder when 247 is divided by j(-3).
13
Suppose 0 = 2*g - 2*o + 6*o - 66, -111 = -2*g + 5*o. Suppose s - 32 = -2*l - s, -5 = -s. What is the remainder when g is divided by l?
10
Calculate the remainder when 270 is divided by ((-9)/6)/(26/28 - 1).
18
Let x = -17 - -25. Let j be (-6 + 4)/((-2)/6). Let v = j + 16. What is the remainder when v is divided by x?
6
Let l(o) = -o**2 + 24*o + 22. What is the remainder when l(23) is divided by 14?
3
Suppose 116*c = 137*c - 504. What is the remainder when 671 is divided by c?
23
Suppose 17*k = 6*k + 594. Let j = k + 1. Suppose -2*x = -5*g - 53, 2*x + 51 = 6*x + g. Calculate the remainder when j is divided by x.
13
Suppose 13*b - 241 = -2*z + 14*b, b = -3. Calculate the remainder when z is divided by 33.
20
Suppose -4*i = -6*i + 26. Suppose 156 + 247 = i*p. Calculate the remainder when p is divided by 8.
7
Suppose 0 = 5*w - 0*w. Suppose i - 2*i - 6 = w. Let p = 57 + i. What is the remainder when p is divided by 18?
15
Let t = 17 + -124. Let l = -45 - t. What is the remainder when 121 is divided by l?
59
Let a(q) = q + 14. What is the remainder when 58 is divided by a(19)?
25
Suppose 3*t - 45 = -0*w - w, 5*w = -t + 29. Let u = -156 - -155. Calculate the remainder when ((-27)/(-6) + -3)/u*-36 is divided by t.
12
Let d be -37 + 2/3*-6. Let k = -14 - d. Calculate the remainder when k is divided by 14.
13
Suppose 6 + 19 = c - 5*u, -2*u = 2*c - 2. Let j be (8/(-10))/((-2)/c). Suppose 3*n + 2*w = 14, -n - j*w + 5 = -1. What is the remainder when 14 is divided by n?
2
Let i = -29 + 43. Suppose 4*c + 5*y = -i, 2*c - 1 = c + y. Calculate the remainder when 24 is divided by c + (-2 - -1) - -11.
6
Suppose -a - 4*w + 37 = -0*w, 4*a = -w + 73. Let r = a - 9. Calculate the remainder when 22 is divided by r.
6
Suppose 4*l = 7*l + 180. Let d be 3/4 - (-45)/l. Suppose g - 18 - 71 = 4*a, d = g - 3*a - 94. What is the remainder when g is divided by 22?
21
What is the remainder when ((-3)/(-9))/(3/36) + 133 is divided by 71?
66
Let n = -339 + 382. Calculate the remainder when n is divided by 3.
1
Let u = -115 + 174. Suppose 0*x - 6*x + 24 = 0. Suppose 2*s - 3 - 22 = 5*q, -s + x*q = -11. What is the remainder when u is divided by s?
14
Suppose 0 = 2*t + 3*t - 20, -3*t + 128 = m. Calculate the remainder when m is divided by 13.
12
Let r be 2/(-8) + 369/36. Suppose -4*f + 9*f = r. Suppose 0*p = -f*p + 46. What is the remainder when 68 is divided by p?
22
Let p(d) be the first derivative of -14*d**2 - 2*d - 3. Suppose -m - 16 + 14 = 0. What is the remainder when p(m) is divided by 14?
12
Let h = 9 - 9. Let x be h + -28 + 0 + 1. Let d = -3 - x. Calculate the remainder when d is divided by 9.
6
Let l = 5 - -19. Suppose 2*g - 4*y + l = 0, 0 = -g + 2*g - y + 8. What is the remainder when (-142)/g + 8/16 is divided by 19?
17
Let c = 293 + -248. What is the remainder when c is divided by 28?
17
Let i(r) = 2*r**2 + r - 2. Let h be i(-2). Suppose -h*u = -4*a - a + 19, -31 = -5*a + u. Calculate the remainder when 55 is divided by a.
6
Calculate the remainder when 109 is divided by (48*8/(-16))/((-2)/6).
37
Let i(b) = -52*b**3 + 19*b + 18. Calculate the remainder when 59 is divided by i(-1).
8
Let r be 50/8 + (-2)/8. Suppose r*d - 40 = 2*d. Suppose -2*w + 16 = 4. Calculate the remainder when d is divided by w.
4
Let w(o) = 3*o**2 - 7*o + 41. What is the remainder when w(9) is divided by 8?
5
Let x(s) = 0*s**3 - 8 - 5*s**3 + 6*s**3 - 9*s**2 + 12*s. Let f be x(8). Let t = f - 18. What is the remainder when 7 is divided by t?
1
Calculate the remainder when 1732/17 + (-32)/(-272) is divided by 27.
21
Suppose -3*b + 1 = -4*q, -2*q + 3 = -0*b - b. Let a = 19 + b. Suppose y + y = a. What is the remainder when 36 is divided by y?
10
Let p = 3 - -39. Let f = -35 + p. Calculate the remainder when 23 is divided by f.
2
Calculate the remainder when (-2 + -1 + 22)*(56 - 55) is divided by (-1)/(-3)*(35 - 2).
8
Calculate the remainder when ((-725)/(-18) - (-2)/9)*2 is divided by 26.
3
Suppose j + 2*z - 707 = 0, 84*j - 5*z - 1378 = 82*j. Calculate the remainder when j is divided by 54.
51
Let r(t) = 12 + 5*t - 12 - 3*t + 18. What is the remainder when 138/4 - 3/(-6) is divided by r(0)?
17
Suppose 2*x + 8112 = 28*x. What is the remainder when x is divided by 63?
60
Let a(w) = -w**3 + 9*w**2 + 2*w - 20. What is the remainder when 175 is divided by a(8)?
55
What is the remainder when 111/148 + 1034/8 is divided by 46?
38
Calculate the remainder when 53 is divided by 69 + -76 + (0 - -15).
5
Let m = -3 - 30. Let p = -41 - -26. Let l = p - m. What is the remainder when l is divided by 7?
4
What is the remainder when 78 is divided by (15*(-4)/(-24))/(3/12)?
8
Let c = 2858 + -2453. Calculate the remainder when c is divided by 42.
27
Suppose o - 173 = -20*h + 18*h, 4*o = -20. Calculate the remainder when h is divided by 13.
11
Let n = -752 - -768. Suppose -3*j + 1 = -5. Suppose -3*q - h = 2*q - 232, -94 = -j*q - h. What is the remainder when q is divided by n?
14
Let z(b) = -b**3 - 5*b**2 - 8*b - 6. Let o be z(-5). Suppose 0 = -3*i + o + 29. What is the remainder when i is divided by 2*6*4/8?
3
Let q = 446 - 250. What is th